visor of k and 45?
5
Let h(k) = k**2 + 4*k - 7. Let q be h(-6). Suppose 0*p - u = 3*p - 220, u = -q. Calculate the greatest common factor of p and 30.
15
Let d(l) = -3*l - 55. Let g be d(-23). What is the greatest common divisor of g and 35?
7
Suppose 2*u = u + 4. Suppose -u = -i - 2. What is the highest common factor of i and 18?
2
Suppose -1 - 5 = -2*m. Suppose 4*v + 3*r - 73 - 61 = 0, m*v - 99 = -3*r. Let a be ((-1)/(-2) - 1)*-14. Calculate the highest common factor of v and a.
7
Suppose 43*g = 48*g - 240. Calculate the highest common divisor of g and 64.
16
Let y(g) = 11*g**3 + 3*g - 1. Let d be y(2). Let b = -72 - -14. Let t = d + b. What is the greatest common divisor of 7 and t?
7
Let k(j) = j**2 + 27. Let w be k(0). Let q be 27/12 - (-2)/(-8). Suppose -46 = -4*b - 2*t, -4*b - t = q*t - 51. Calculate the highest common factor of b and w.
9
Let i(f) = -46*f + 2. Let q be i(-3). Let r be q/6 + 4/(-12). Suppose -7 = w - r. Calculate the greatest common divisor of 8 and w.
8
Let k(r) = r**2 - 13*r - 11. Let c be k(15). Calculate the greatest common factor of c and 152.
19
Let i(d) = -2*d + 36. Let k be i(11). Suppose 134 = 5*g - 2*f, -5*f + 35 = 5*g - 85. Let t = g + k. Calculate the highest common divisor of t and 10.
10
Let l(n) = 9*n + 6. Let u be l(2). What is the highest common factor of 96 and u?
24
Let b be ((-9)/12)/((-2)/8). Let y(l) = l**2 - 3*l - 4. Let z be y(11). Suppose -b*h - z = -7*h. Calculate the greatest common divisor of 168 and h.
21
Let l = 23 - 3. Let d = 11 + -1. What is the greatest common divisor of l and d?
10
Suppose 0*q + 2*q = 24. Let h be 143/4 - (1 - (-5)/(-4)). Calculate the greatest common factor of q and h.
12
Suppose 0*i + 100 = 5*o + 5*i, o + 3*i - 20 = 0. What is the highest common factor of 5 and o?
5
Suppose 162 = 3*r - 3*m, r = -2*r + 4*m + 162. What is the highest common factor of r and 18?
18
Let g(j) = 2*j + 0 - 3*j - 2 + 4. Let q be g(-3). Suppose q*l = 419 - 69. Calculate the greatest common factor of 10 and l.
10
Suppose 4*s - 2*z - 138 = 0, 0*s + z = -s + 42. Suppose s - 11 = 2*h. Calculate the highest common divisor of 104 and h.
13
Let w(c) = c**3 + 10*c**2 - 12*c - 6. Let i be w(-11). Let g = 42 - 17. What is the highest common divisor of g and i?
5
Let a = -47 + 71. Suppose -36 - 12 = -4*z. Calculate the highest common divisor of z and a.
12
Let g be 1/(-3) - (-56)/6. Let l be -1*(2 + -1) + 64. What is the greatest common divisor of l and g?
9
Let m be 0 + ((-4)/(-6))/((-16)/(-264)). Calculate the highest common factor of m and 88.
11
Let d = 19 - 3. Calculate the greatest common factor of 64 and d.
16
Suppose -w - 2*w = 0. Let i be 1 + 1 + w/1. Suppose 0 = -i*y + 131 + 93. Calculate the highest common factor of y and 16.
16
Suppose 5*o = -7*o + 216. Calculate the greatest common divisor of 99 and o.
9
Let a(o) = 2*o**2 + 10*o - 14. Let r be a(-8). What is the greatest common divisor of 85 and r?
17
Suppose 5*p = -6 - 9. Let r be (-2)/p - (-6)/(-9). Suppose 3*w = -2*l + 8, 35 = 5*w - r*l - l. What is the greatest common factor of w and 42?
6
Suppose -3*i = -4*s + 515, 5*s - 3*i + 5*i = 638. Let v be 22/(-77) - 342/(-21). What is the greatest common divisor of v and s?
16
Let j(m) = 5*m**2 - 1 + 3*m - 2 - 3*m. Let a be j(4). What is the greatest common factor of 7 and a?
7
Suppose -4*l + 12*t - 10*t = -78, 5*t = -2*l + 21. Calculate the highest common factor of 36 and l.
18
Let w = 2 - 0. Suppose 0 = -w*a + 55 - 15. Calculate the greatest common factor of a and 10.
10
Let y be 7/(-21) - 4/6. Let u(j) = -190*j - 1. Let m be u(y). Calculate the highest common factor of 21 and m.
21
Suppose -22*c - 315 = -25*c. Calculate the greatest common divisor of c and 15.
15
Let p(k) = -k - 1. Let l be p(-2). Let q = 22 + l. What is the highest common divisor of q and 184?
23
Let m(b) = b**2 + 6*b + 4. Let n be m(-6). Suppose 0*h - n*h - 72 = 0. Let s = h - -90. What is the highest common divisor of 9 and s?
9
Suppose 30 = y + 2*y. Calculate the highest common factor of 70 and y.
10
Let o = -265 - -127. Let f be 4/(-22) - o/33. Calculate the highest common factor of 36 and f.
4
Let t = -39 + 59. Suppose 9 = -c - 4*q + t, 0 = -5*c - 4*q + 55. Suppose 5*z - c = 4. What is the greatest common divisor of 3 and z?
3
Let r(p) = -p**3 - p**2 - 3*p - 6. Let i be r(-3). What is the highest common divisor of i and 9?
3
Let t(u) = -21*u - 13. Let s be t(-3). What is the highest common factor of 10 and s?
10
Suppose 3*f = 5*f. Suppose d + f*d - 132 = 0. Suppose 120 = 2*b - 2*z, 2*b + 12 = -z + d. Calculate the highest common divisor of 15 and b.
15
Suppose 24 + 22 = 2*l. What is the greatest common factor of l and 184?
23
Let t(l) = -l**2 + 6*l - 4. Suppose -4*z + 28 - 8 = 0. Let x be t(z). Calculate the greatest common factor of x and 4.
1
Let h be 170*(1 - (-10)/(-25)). Calculate the greatest common divisor of 6 and h.
6
Suppose 8*y - 110 = 3*y. Calculate the greatest common factor of y and 55.
11
Let l(r) = 2*r**2 + 6*r - 6. Let f be l(-5). Let v = 83 + -62. Calculate the greatest common factor of f and v.
7
Suppose -4*a = -89 - 31. What is the greatest common divisor of 210 and a?
30
Let i = -7 - -15. Suppose 2*g - 3*g = -i. Let k be 3/(-2) + 315/18. What is the highest common divisor of g and k?
8
Let j = 3 + 25. What is the highest common factor of j and 224?
28
Let p = -19 - -33. What is the greatest common factor of p and 21?
7
Let h be (-16)/24 - (-128)/3. What is the greatest common divisor of 21 and h?
21
Let x = -1 - -5. Suppose -3*g + x = -8. Let z = 12 + -6. Calculate the highest common factor of g and z.
2
Let m(d) = -d**2 - 8*d - 6. Let n be m(-6). Suppose -n*k + 30 = -3*k. What is the highest common factor of k and 4?
2
Let i(s) = 68*s + 4. Let j be i(-3). Let w be j/(-2) + -2*1. What is the highest common divisor of w and 14?
14
Let d(x) = x - 3. Let f be d(4). Let p = 2 + f. Suppose p*u = 122 + 130. Calculate the highest common divisor of 12 and u.
12
Let a(c) = -c**2 - 11*c + 13. Let k be a(-11). What is the greatest common factor of k and 117?
13
Let u(q) = -q**3 + 8*q**2 - 5*q + 6. Let g be u(6). Let l be (2 + 2/(-8))*g. Let a = -14 - -26. What is the greatest common divisor of l and a?
12
Let n(s) = 25*s + 39. Let r be n(9). What is the highest common factor of 24 and r?
24
Let v be (-1 + 4 + -31)*(-2)/4. Let y be 0 + -1 + 115 + -2. What is the highest common factor of v and y?
14
Let k = 8 - 5. Suppose 28 = -g + k*g. What is the highest common divisor of 56 and g?
14
Suppose 0 = -4*y + 5 - 21. Let v be (7 + 1)*y/(-2). Calculate the highest common divisor of 80 and v.
16
Suppose 3*i - o = 7, o + 2 = -2*i + 5*o. Suppose -a = i*a - 4*x - 36, 0 = a + 3*x - 13. What is the greatest common factor of a and 40?
10
Suppose -5*y + 642 = 4*j, -2*j - j = -y + 136. Calculate the highest common divisor of y and 52.
26
Let c = -5 + 9. Suppose 0 = -c*w + 12 + 48. Suppose 5*u = 2*u + 9. What is the greatest common divisor of u and w?
3
Suppose 25 + 39 = 4*x. Calculate the highest common factor of x and 40.
8
Let q = 63 - 48. Calculate the highest common factor of 135 and q.
15
Suppose 2*h - 3*h = 0. Let k = 12 + h. Suppose 4*g - g + 5*v = 41, -4*g = -4*v - 44. What is the highest common factor of g and k?
12
Suppose 0 = -0*o - 3*o + 288. What is the highest common factor of o and 32?
32
Suppose 0*h - 5*h + 80 = 0. Let x be (27/(-12))/((-6)/h). Calculate the greatest common divisor of x and 18.
6
Let u(f) = 2*f + 54. Let k be u(-23). What is the greatest common factor of 1 and k?
1
Suppose -b + 1 = 2*l, -4*b - b - l + 32 = 0. Calculate the highest common divisor of 7 and b.
7
Suppose -3*k = -6*k - 99. Let d = -11 - k. Calculate the greatest common divisor of d and 33.
11
Let b(c) be the first derivative of -c**4/4 + c**2/2 + 105*c - 4. Let t be b(0). Calculate the highest common divisor of t and 42.
21
Let l be (-94)/(-8) + (-5)/(-20). Calculate the highest common divisor of 84 and l.
12
Suppose 0 = 13*l - 10*l - 30. What is the highest common divisor of l and 70?
10
Let b(l) = l**2 - 127 + 126 - 3*l**2 + 2*l**3. Let r be b(2). What is the greatest common factor of r and 7?
7
Suppose 3 + 7 = -5*u. Let z be (u - -12) + 0 + 2. Suppose 21 = -3*x + 111. Calculate the greatest common divisor of x and z.
6
Let 